 + 4*o + 4458 = 0, -3*o + 1156 = -a + 3380. What is the thousands digit of a?
2
Let g = 35 - 21. Let o(h) = -5*h - h**3 + 5*h + 8*h + h - g + 5*h**2. What is the units digit of o(6)?
4
Let s = 13 + -13. Suppose s = 5*r + 3 - 28. Suppose 0 = -r*l + 14 + 26. What is the units digit of l?
8
What is the hundreds digit of 481 - (6 + -3 + -8 - -1)?
4
Suppose 2*c - 4 = 0, 0 = z - 4*c - 0 + 3. Suppose -z*q + 2*q = 108. Let m = 56 + q. What is the units digit of m?
0
Let v = 238 + -162. Suppose 3*k = 5*k - v. What is the tens digit of k?
3
Suppose -l + 6525 = 489. What is the units digit of l?
6
Suppose -2*f - 5*z + 3 = -21, 3*z - 14 = -f. Suppose 4*n - 8 = 2*n + 5*s, 16 = 4*n - f*s. Suppose -2*d - d + 9 = 0, n*b - d = 61. What is the units digit of b?
6
Suppose 12*p = 5*p + 35. What is the units digit of 151/p - 4/(-5)?
1
Suppose 0 = 2*j - 11 - 7. Suppose -j = -3*x + 2*x. Suppose -15 = 4*c - 6*c + 5*a, -c + x = -a. What is the tens digit of c?
1
Let s = -50 - -61. What is the tens digit of (s/11)/((-2)/(-94))?
4
Let s = -32 + 29. Let d = s - -4. What is the units digit of d?
1
Let q(j) = -739*j + 470. What is the thousands digit of q(-3)?
2
Let x = -51 + 188. Suppose -3*r + x + 361 = 0. What is the tens digit of r?
6
Let l be 2*-1*3/6 - -202. Suppose i = -b + l, 2*b - b - 186 = 4*i. What is the hundreds digit of b?
1
Suppose 5*o - 17 = 2*d, -2*d + 7*d = 5*o - 65. What is the units digit of ((-448)/d)/(2/4)?
6
Suppose -3*x + 2*x - 9 = -2*w, -3*w = -4*x - 11. Let v be 3*((-2425)/(-15))/w. Suppose -3*q = 5*i - 370, i + 5*q + 23 = v. What is the units digit of i?
4
Suppose -4*q - 5*d + 88 = 0, 2*d = -4*q + 118 - 30. What is the units digit of (-4)/q - (-7232)/88?
2
Let s(j) = j**3 - j + 4. Let m be s(0). Suppose 158 + 190 = m*b. Let r = b - 46. What is the tens digit of r?
4
Suppose 21*b - 2184 = 9*b. What is the tens digit of b?
8
What is the hundreds digit of 292 + ((-45)/27 - (-2)/3)?
2
Let l = 13 + -16. Let y(f) = -f**3 + 5*f + 7. What is the tens digit of y(l)?
1
Suppose 2*x = 3*m - 1163, -m + x + 1159 = 2*m. What is the units digit of m?
5
What is the hundreds digit of 1367/5 + 2 + (-48)/20?
2
Suppose -59*b + 7344 = -57*b - 4*w, -w = 4*b - 14697. What is the hundreds digit of b?
6
Suppose 3 = 3*v - 6. Let y = 327 - 293. Let s = v + y. What is the tens digit of s?
3
Let z = 10 + -5. Suppose 4*c + z*m - 2*m = 13, 5*c = -m + 19. Suppose d - 195 = -c*d. What is the units digit of d?
9
Suppose -s + 3*b = s - 54, 2*s - 30 = -3*b. Let j = 4 + s. What is the units digit of j?
5
Suppose m = -4*k + 752, k = -27*m + 24*m + 2201. What is the hundreds digit of m?
7
Let x(a) = -138*a**3 + a**2 + 2*a + 1. Let u be (-1)/(-2)*(1 + -3). Let z be x(u). Suppose -i - 44 = -v, 6 = -3*v + 5*i + z. What is the tens digit of v?
4
Let s(k) = k**3 - 4*k**2 + 1. Let o be s(4). Let f(b) = 1 + 6 - 1 - 5 + 30*b. What is the units digit of f(o)?
1
Suppose 2*w - 4*w - 2*l - 1794 = 0, -2*w + 5*l - 1808 = 0. What is the tens digit of (-64)/(-12) + -4 + w/(-3)?
0
Let h = 8 + -8. Suppose h*a = -a + 3. Let v(q) = 3*q**2 + 4*q - 3. What is the tens digit of v(a)?
3
Let c(q) = q**3 - 3*q**2 - 3*q + 1. Let t be c(4). Let v = -4 + 13. Let a = v + t. What is the units digit of a?
4
Let s = -19 - -56. Let f = 157 - s. What is the units digit of f?
0
Suppose 1 = -j, -5*j = -5*i - 4*j - 284. Let v be -1 - (2 - (4 + -37)). Let k = v - i. What is the tens digit of k?
2
Let s be ((-9)/6)/(3/6). Let m be (-5 - s)*(-37)/(-2). Let i = -16 - m. What is the units digit of i?
1
Suppose -4*a + 3*a - 143 = 5*x, -4*x = 3*a + 440. Let z = -89 - a. What is the tens digit of z?
5
Suppose 4*x - y - 4112 = 3560, x = 4*y + 1903. What is the tens digit of x?
1
What is the units digit of 2/(-2 + (-1700)/(-845))?
9
Let n(m) = -3*m**3 - 16*m**2 + m - 23. Let x be ((-65)/15 + 4)*21. What is the hundreds digit of n(x)?
2
Suppose 0 = -3*c + 2*d + 16, 0*c = -2*c - d + 6. Suppose -2*t - 199 = -3*w - 6*t, -c*t - 20 = 0. What is the units digit of w?
3
Let r(q) = -18*q - 83. What is the tens digit of r(-13)?
5
Let c be 7 - (0 - 0)*(2 - 3). Suppose 11*i - 424 = c*i. What is the units digit of i?
6
Suppose -1026 = -6*y - 3*y. Suppose -d + 2*d = y. What is the hundreds digit of d?
1
Suppose -4*w + 33 = -107. Suppose -3*r - 1 = 2*s + 4, -4*s - r = w. Let d = 4 - s. What is the tens digit of d?
1
Let b = -7 - -5. Let k(w) = 10*w**2 + 8*w - 5. Let p(x) = 5*x**2 + 4*x - 3. Let j(c) = 6*k(c) - 11*p(c). What is the tens digit of j(b)?
1
Let z be -3 + 1 + -23 + 4. Let b = z - -51. What is the tens digit of b?
3
Let c(z) = 3*z**3 - 7*z**2 + 12*z - 16. Let f be c(7). Suppose f = 5*d - r - 0*r, -2*d - 2*r + 292 = 0. What is the hundreds digit of d?
1
Let x(y) be the first derivative of 2*y**3/3 + 8*y**2 - 31*y + 20. What is the tens digit of x(-13)?
9
Suppose t + 3*n + 10 = -t, 0 = -4*t - 3*n - 14. Let u be (0 + t)/(4/(-14)). What is the tens digit of (-8)/(-56) - (-104)/u?
1
Let w = 330 + 43. What is the units digit of w?
3
Suppose i - 3130 = 4*b, -7*i + 4*i = b - 9364. What is the thousands digit of i?
3
Let v(m) be the third derivative of 2*m**5/15 + m**4/12 - m**3/6 + 21*m**2. Let c be ((-3)/1)/((-3)/(-2)). What is the tens digit of v(c)?
2
Let x = 4980 - 1865. What is the thousands digit of x?
3
Let l = -10 - -13. Let t be 9 - (-1 - (3 - l)). What is the units digit of 5/t + (-21)/(-2)?
1
Let r = 1243 - 391. What is the units digit of r?
2
Suppose -7*h + 113 = -3*h + t, -4*h = -t - 119. What is the tens digit of h?
2
Let z(p) be the first derivative of 3*p**5/40 - 7*p**4/12 + 7*p**3/3 - 9. Let y(o) be the third derivative of z(o). What is the tens digit of y(6)?
4
Suppose -38 = 6*m + 352. What is the tens digit of 546/5 + (-52)/m?
1
Let y = 21 - 21. Suppose y = -3*f + 2*g + 120, -4*f + 120 = -f - 4*g. What is the units digit of f?
0
Suppose -3*h = 15*t - 12*t - 129, 4*t - 4*h - 156 = 0. What is the tens digit of t?
4
Suppose h = -2*h + 15. Suppose 2*a = 3*q + 64, 96 = 3*a - 0*q + h*q. What is the tens digit of a?
3
Suppose -20*y + 37000 + 9600 = 0. What is the hundreds digit of y?
3
Suppose -5*b = 3*v - 659, -6*v + 205 = -5*v - 2*b. What is the hundreds digit of v?
2
Suppose 280 = 4*l + 3*n + n, 3*n = 3*l - 180. Let s = l - 24. What is the tens digit of s?
4
Suppose 0 = -3*h + 5*f - 393 - 226, -h - 173 = 5*f. Let r = -106 - h. Suppose 0 = -3*w + 7*w - r. What is the units digit of w?
3
Let a(x) be the first derivative of x**3/3 + 2*x**2 - 6*x + 9. What is the units digit of a(-6)?
6
Suppose -2*h = 9*h - 1023. Let r = 201 - h. What is the hundreds digit of r?
1
Let g be 2/(-14) - 5370/(-105). Let n = 204 - g. What is the units digit of n?
3
Let j(i) = -9*i - 4. Let l be j(-1). Suppose -5*r + x + 907 = 0, -533 = -2*r - r - l*x. What is the units digit of r?
1
Suppose 0 = -12*o - o + 130. What is the tens digit of (-1918)/35*o/(-4)?
3
Suppose 4*p = -4*j - 56, 5*j + p = 3*p - 84. Let t = 18 + j. Suppose -2*z + t + 14 = 0. What is the units digit of z?
8
Let f = 28 - 55. Let x = f + 47. Suppose -5*h = -x, -3*h = -7*l + 2*l + 273. What is the tens digit of l?
5
Let m be (1*-6)/((-10)/5). Suppose 3*j + m*b + 30 = 0, -b + 35 = -0*j - 4*j. What is the tens digit of j*((-28)/(-12) - 4)?
1
Suppose -37*f + 43*f - 60 = 0. What is the tens digit of 5/(25/f)*(33 - 2)?
6
Let p(j) = 2*j**2 + j - 2. Suppose -2*l - 31 = 4*d - 3, -4*l + d = 20. What is the units digit of p(l)?
4
Suppose 0 = 3*f + 2*f + 10, 104 = 4*l + 2*f. Let m = l + 7. What is the tens digit of m?
3
Let a be 2/13 + 168/91. Let r be (a/6)/((-2)/(-30)). Let f(n) = 6*n + 1. What is the units digit of f(r)?
1
Let s be 3 + ((-12)/4 - 0). Suppose q + 5*z = -s*q + 19, -z - 19 = 4*q. Let l = q - -17. What is the tens digit of l?
1
Let c = 49 + -33. Suppose 4*u - c = 2*o, 3*o = -0*o + 5*u - 22. Let d(i) = -i**3 - 2*i**2 + 4. What is the units digit of d(o)?
6
Suppose -7*n - 298 = -d - 10*n, -1192 = -4*d + 5*n. What is the units digit of d?
8
Suppose 35 = 4*s + s. Let a(y) = s*y**2 - 6 + 8*y**3 - 7*y**3 + 7*y + 3*y**2. What is the tens digit of a(-9)?
1
Let w be (-8)/(-44) - 326/(-22). Let d = 27 + -33. What is the units digit of (117/d)/(w/(-20))?
6
Let r be -8 + 6 - (3 + -2 + -1). Let m(g) = -8*g - 1 + 3 + 2. What is the tens digit of m(r)?
2
Suppose -i - n - 364 = 3*n, -346 = i - 5*n